{"id":1191,"date":"2024-11-29T17:57:06","date_gmt":"2024-11-29T17:57:06","guid":{"rendered":"https:\/\/campus.lacnic.net\/docentes\/pablo-cuello\/"},"modified":"2025-01-30T19:30:19","modified_gmt":"2025-01-30T19:30:19","slug":"pablo-cuello","status":"publish","type":"docentes","link":"https:\/\/campus.lacnic.net\/pt-br\/docentes\/pablo-cuello\/","title":{"rendered":"Pablo Cuello"},"content":{"rendered":"\n<p>Ingeniero El\u00e9ctrico, con perfil en Telecomunicaciones y Magister en Inform\u00e1tica. Egresado de la Universidad de la Rep\u00fablica del Uruguay.<\/p>\n\n\n\n<p>Trabaja desde hace m\u00e1s de 20 a\u00f1os en una empresa de telecomunicaciones de Uruguay estando actualmente al frente de los grupos t\u00e9cnicos responsables de desarrollo de la infraestructura de transporte \u00f3ptico internacional, el backbone IP, las interconexiones y los servicios internacionales.<\/p>\n\n\n\n<p>Tiene m\u00e1s de 15 a\u00f1os de experiencia como docente en una universidad privada de Uruguay donde ha dictado distintos cursos asociados a las Redes de Datos.<\/p>\n\n\n\n<p>Es parte de la comunidad de LACNIC desde hace muchos a\u00f1os y ha participado en eventos, realizado presentaciones, talleres y tutoriales.<\/p>\n","protected":false},"featured_media":478,"template":"templates\/tutors.php","class_list":["post-1191","docentes","type-docentes","status-publish","has-post-thumbnail","hentry"],"acf":[],"yoast_head":"<!-- This site is optimized with the Yoast SEO plugin v26.4 - https:\/\/yoast.com\/wordpress\/plugins\/seo\/ -->\n<title>Pablo Cuello &#8211; CAMPUS LACNIC<\/title>\n<meta name=\"robots\" content=\"index, follow, max-snippet:-1, max-image-preview:large, max-video-preview:-1\" \/>\n<link rel=\"canonical\" href=\"https:\/\/campus.lacnic.net\/pt-br\/docentes\/pablo-cuello\/\" \/>\n<meta property=\"og:locale\" content=\"pt_BR\" \/>\n<meta property=\"og:type\" content=\"article\" \/>\n<meta property=\"og:title\" content=\"Pablo Cuello &#8211; CAMPUS LACNIC\" \/>\n<meta property=\"og:description\" content=\"Ingeniero El\u00e9ctrico, con perfil en Telecomunicaciones y Magister en Inform\u00e1tica. Egresado de la Universidad de la Rep\u00fablica del Uruguay. Trabaja desde hace m\u00e1s de 20 a\u00f1os en una empresa de telecomunicaciones de Uruguay estando actualmente al frente de los grupos t\u00e9cnicos responsables de desarrollo de la infraestructura de transporte \u00f3ptico internacional, el backbone IP, las [&hellip;]\" \/>\n<meta property=\"og:url\" content=\"https:\/\/campus.lacnic.net\/pt-br\/docentes\/pablo-cuello\/\" \/>\n<meta property=\"og:site_name\" content=\"CAMPUS LACNIC\" \/>\n<meta property=\"article:modified_time\" content=\"2025-01-30T19:30:19+00:00\" \/>\n<meta property=\"og:image\" content=\"https:\/\/campus.lacnic.net\/wp-content\/uploads\/2024\/03\/Pablo-Cuello.jpg\" \/>\n\t<meta property=\"og:image:width\" content=\"400\" \/>\n\t<meta property=\"og:image:height\" content=\"400\" \/>\n\t<meta property=\"og:image:type\" content=\"image\/jpeg\" \/>\n<meta name=\"twitter:card\" content=\"summary_large_image\" \/>\n<meta name=\"twitter:label1\" content=\"Est. tempo de leitura\" \/>\n\t<meta name=\"twitter:data1\" content=\"1 minuto\" \/>\n<script type=\"application\/ld+json\" class=\"yoast-schema-graph\">{\"@context\":\"https:\/\/schema.org\",\"@graph\":[{\"@type\":\"WebPage\",\"@id\":\"https:\/\/campus.lacnic.net\/pt-br\/docentes\/pablo-cuello\/\",\"url\":\"https:\/\/campus.lacnic.net\/pt-br\/docentes\/pablo-cuello\/\",\"name\":\"Pablo Cuello &#8211; CAMPUS LACNIC\",\"isPartOf\":{\"@id\":\"https:\/\/campus.lacnic.net\/#website\"},\"primaryImageOfPage\":{\"@id\":\"https:\/\/campus.lacnic.net\/pt-br\/docentes\/pablo-cuello\/#primaryimage\"},\"image\":{\"@id\":\"https:\/\/campus.lacnic.net\/pt-br\/docentes\/pablo-cuello\/#primaryimage\"},\"thumbnailUrl\":\"https:\/\/campus.lacnic.net\/wp-content\/uploads\/2024\/03\/Pablo-Cuello.jpg\",\"datePublished\":\"2024-11-29T17:57:06+00:00\",\"dateModified\":\"2025-01-30T19:30:19+00:00\",\"breadcrumb\":{\"@id\":\"https:\/\/campus.lacnic.net\/pt-br\/docentes\/pablo-cuello\/#breadcrumb\"},\"inLanguage\":\"pt-BR\",\"potentialAction\":[{\"@type\":\"ReadAction\",\"target\":[\"https:\/\/campus.lacnic.net\/pt-br\/docentes\/pablo-cuello\/\"]}]},{\"@type\":\"ImageObject\",\"inLanguage\":\"pt-BR\",\"@id\":\"https:\/\/campus.lacnic.net\/pt-br\/docentes\/pablo-cuello\/#primaryimage\",\"url\":\"https:\/\/campus.lacnic.net\/wp-content\/uploads\/2024\/03\/Pablo-Cuello.jpg\",\"contentUrl\":\"https:\/\/campus.lacnic.net\/wp-content\/uploads\/2024\/03\/Pablo-Cuello.jpg\",\"width\":400,\"height\":400},{\"@type\":\"BreadcrumbList\",\"@id\":\"https:\/\/campus.lacnic.net\/pt-br\/docentes\/pablo-cuello\/#breadcrumb\",\"itemListElement\":[{\"@type\":\"ListItem\",\"position\":1,\"name\":\"Portada\",\"item\":\"https:\/\/campus.lacnic.net\/pt-br\/\"},{\"@type\":\"ListItem\",\"position\":2,\"name\":\"Pablo Cuello\"}]},{\"@type\":\"WebSite\",\"@id\":\"https:\/\/campus.lacnic.net\/#website\",\"url\":\"https:\/\/campus.lacnic.net\/\",\"name\":\"CAMPUS LACNIC\",\"description\":\"\",\"publisher\":{\"@id\":\"https:\/\/campus.lacnic.net\/#organization\"},\"potentialAction\":[{\"@type\":\"SearchAction\",\"target\":{\"@type\":\"EntryPoint\",\"urlTemplate\":\"https:\/\/campus.lacnic.net\/?s={search_term_string}\"},\"query-input\":{\"@type\":\"PropertyValueSpecification\",\"valueRequired\":true,\"valueName\":\"search_term_string\"}}],\"inLanguage\":\"pt-BR\"},{\"@type\":\"Organization\",\"@id\":\"https:\/\/campus.lacnic.net\/#organization\",\"name\":\"CAMPUS LACNIC\",\"url\":\"https:\/\/campus.lacnic.net\/\",\"logo\":{\"@type\":\"ImageObject\",\"inLanguage\":\"pt-BR\",\"@id\":\"https:\/\/campus.lacnic.net\/#\/schema\/logo\/image\/\",\"url\":\"https:\/\/campus.lacnic.net\/wp-content\/uploads\/2024\/04\/lacnic-campus-logo-seo.png\",\"contentUrl\":\"https:\/\/campus.lacnic.net\/wp-content\/uploads\/2024\/04\/lacnic-campus-logo-seo.png\",\"width\":696,\"height\":696,\"caption\":\"CAMPUS LACNIC\"},\"image\":{\"@id\":\"https:\/\/campus.lacnic.net\/#\/schema\/logo\/image\/\"}}]}<\/script>\n<!-- \/ Yoast SEO plugin. -->","yoast_head_json":{"title":"Pablo Cuello &#8211; CAMPUS LACNIC","robots":{"index":"index","follow":"follow","max-snippet":"max-snippet:-1","max-image-preview":"max-image-preview:large","max-video-preview":"max-video-preview:-1"},"canonical":"https:\/\/campus.lacnic.net\/pt-br\/docentes\/pablo-cuello\/","og_locale":"pt_BR","og_type":"article","og_title":"Pablo Cuello &#8211; CAMPUS LACNIC","og_description":"Ingeniero El\u00e9ctrico, con perfil en Telecomunicaciones y Magister en Inform\u00e1tica. Egresado de la Universidad de la Rep\u00fablica del Uruguay. Trabaja desde hace m\u00e1s de 20 a\u00f1os en una empresa de telecomunicaciones de Uruguay estando actualmente al frente de los grupos t\u00e9cnicos responsables de desarrollo de la infraestructura de transporte \u00f3ptico internacional, el backbone IP, las [&hellip;]","og_url":"https:\/\/campus.lacnic.net\/pt-br\/docentes\/pablo-cuello\/","og_site_name":"CAMPUS LACNIC","article_modified_time":"2025-01-30T19:30:19+00:00","og_image":[{"width":400,"height":400,"url":"https:\/\/campus.lacnic.net\/wp-content\/uploads\/2024\/03\/Pablo-Cuello.jpg","type":"image\/jpeg"}],"twitter_card":"summary_large_image","twitter_misc":{"Est. tempo de leitura":"1 minuto"},"schema":{"@context":"https:\/\/schema.org","@graph":[{"@type":"WebPage","@id":"https:\/\/campus.lacnic.net\/pt-br\/docentes\/pablo-cuello\/","url":"https:\/\/campus.lacnic.net\/pt-br\/docentes\/pablo-cuello\/","name":"Pablo Cuello &#8211; CAMPUS LACNIC","isPartOf":{"@id":"https:\/\/campus.lacnic.net\/#website"},"primaryImageOfPage":{"@id":"https:\/\/campus.lacnic.net\/pt-br\/docentes\/pablo-cuello\/#primaryimage"},"image":{"@id":"https:\/\/campus.lacnic.net\/pt-br\/docentes\/pablo-cuello\/#primaryimage"},"thumbnailUrl":"https:\/\/campus.lacnic.net\/wp-content\/uploads\/2024\/03\/Pablo-Cuello.jpg","datePublished":"2024-11-29T17:57:06+00:00","dateModified":"2025-01-30T19:30:19+00:00","breadcrumb":{"@id":"https:\/\/campus.lacnic.net\/pt-br\/docentes\/pablo-cuello\/#breadcrumb"},"inLanguage":"pt-BR","potentialAction":[{"@type":"ReadAction","target":["https:\/\/campus.lacnic.net\/pt-br\/docentes\/pablo-cuello\/"]}]},{"@type":"ImageObject","inLanguage":"pt-BR","@id":"https:\/\/campus.lacnic.net\/pt-br\/docentes\/pablo-cuello\/#primaryimage","url":"https:\/\/campus.lacnic.net\/wp-content\/uploads\/2024\/03\/Pablo-Cuello.jpg","contentUrl":"https:\/\/campus.lacnic.net\/wp-content\/uploads\/2024\/03\/Pablo-Cuello.jpg","width":400,"height":400},{"@type":"BreadcrumbList","@id":"https:\/\/campus.lacnic.net\/pt-br\/docentes\/pablo-cuello\/#breadcrumb","itemListElement":[{"@type":"ListItem","position":1,"name":"Portada","item":"https:\/\/campus.lacnic.net\/pt-br\/"},{"@type":"ListItem","position":2,"name":"Pablo Cuello"}]},{"@type":"WebSite","@id":"https:\/\/campus.lacnic.net\/#website","url":"https:\/\/campus.lacnic.net\/","name":"CAMPUS LACNIC","description":"","publisher":{"@id":"https:\/\/campus.lacnic.net\/#organization"},"potentialAction":[{"@type":"SearchAction","target":{"@type":"EntryPoint","urlTemplate":"https:\/\/campus.lacnic.net\/?s={search_term_string}"},"query-input":{"@type":"PropertyValueSpecification","valueRequired":true,"valueName":"search_term_string"}}],"inLanguage":"pt-BR"},{"@type":"Organization","@id":"https:\/\/campus.lacnic.net\/#organization","name":"CAMPUS LACNIC","url":"https:\/\/campus.lacnic.net\/","logo":{"@type":"ImageObject","inLanguage":"pt-BR","@id":"https:\/\/campus.lacnic.net\/#\/schema\/logo\/image\/","url":"https:\/\/campus.lacnic.net\/wp-content\/uploads\/2024\/04\/lacnic-campus-logo-seo.png","contentUrl":"https:\/\/campus.lacnic.net\/wp-content\/uploads\/2024\/04\/lacnic-campus-logo-seo.png","width":696,"height":696,"caption":"CAMPUS LACNIC"},"image":{"@id":"https:\/\/campus.lacnic.net\/#\/schema\/logo\/image\/"}}]}},"_links":{"self":[{"href":"https:\/\/campus.lacnic.net\/pt-br\/wp-json\/wp\/v2\/docentes\/1191","targetHints":{"allow":["GET"]}}],"collection":[{"href":"https:\/\/campus.lacnic.net\/pt-br\/wp-json\/wp\/v2\/docentes"}],"about":[{"href":"https:\/\/campus.lacnic.net\/pt-br\/wp-json\/wp\/v2\/types\/docentes"}],"wp:featuredmedia":[{"embeddable":true,"href":"https:\/\/campus.lacnic.net\/pt-br\/wp-json\/wp\/v2\/media\/478"}],"wp:attachment":[{"href":"https:\/\/campus.lacnic.net\/pt-br\/wp-json\/wp\/v2\/media?parent=1191"}],"curies":[{"name":"wp","href":"https:\/\/api.w.org\/{rel}","templated":true}]}}

<p>Ingeniero Eléctrico, con perfil en Telecomunicaciones y Magister en Informática. Egresado de la Universidad de la República del Uruguay.</p>



<p>Trabaja desde hace más de 20 años en una empresa de telecomunicaciones de Uruguay estando actualmente al frente de los grupos técnicos responsables de desarrollo de la infraestructura de transporte óptico internacional, el backbone IP, las interconexiones y los servicios internacionales.</p>



<p>Tiene más de 15 años de experiencia como docente en una universidad privada de Uruguay donde ha dictado distintos cursos asociados a las Redes de Datos.</p>



<p>Es parte de la comunidad de LACNIC desde hace muchos años y ha participado en eventos, realizado presentaciones, talleres y tutoriales.</p>

<!-- This site is optimized with the Yoast SEO plugin v26.4 - https://yoast.com/wordpress/plugins/seo/ -->
<title>Pablo Cuello &#8211; CAMPUS LACNIC</title>
<meta name="robots" content="index, follow, max-snippet:-1, max-image-preview:large, max-video-preview:-1" />
<link rel="canonical" href="https://campus.lacnic.net/pt-br/docentes/pablo-cuello/" />
<meta property="og:locale" content="pt_BR" />
<meta property="og:type" content="article" />
<meta property="og:title" content="Pablo Cuello &#8211; CAMPUS LACNIC" />
<meta property="og:description" content="Ingeniero Eléctrico, con perfil en Telecomunicaciones y Magister en Informática. Egresado de la Universidad de la República del Uruguay. Trabaja desde hace más de 20 años en una empresa de telecomunicaciones de Uruguay estando actualmente al frente de los grupos técnicos responsables de desarrollo de la infraestructura de transporte óptico internacional, el backbone IP, las [&hellip;]" />
<meta property="og:url" content="https://campus.lacnic.net/pt-br/docentes/pablo-cuello/" />
<meta property="og:site_name" content="CAMPUS LACNIC" />
<meta property="article:modified_time" content="2025-01-30T19:30:19+00:00" />
<meta property="og:image" content="https://campus.lacnic.net/wp-content/uploads/2024/03/Pablo-Cuello.jpg" />
	<meta property="og:image:width" content="400" />
	<meta property="og:image:height" content="400" />
	<meta property="og:image:type" content="image/jpeg" />
<meta name="twitter:card" content="summary_large_image" />
<meta name="twitter:label1" content="Est. tempo de leitura" />
	<meta name="twitter:data1" content="1 minuto" />
<script type="application/ld+json" class="yoast-schema-graph">{"@context":"https://schema.org","@graph":[{"@type":"WebPage","@id":"https://campus.lacnic.net/pt-br/docentes/pablo-cuello/","url":"https://campus.lacnic.net/pt-br/docentes/pablo-cuello/","name":"Pablo Cuello &#8211; CAMPUS LACNIC","isPartOf":{"@id":"https://campus.lacnic.net/#website"},"primaryImageOfPage":{"@id":"https://campus.lacnic.net/pt-br/docentes/pablo-cuello/#primaryimage"},"image":{"@id":"https://campus.lacnic.net/pt-br/docentes/pablo-cuello/#primaryimage"},"thumbnailUrl":"https://campus.lacnic.net/wp-content/uploads/2024/03/Pablo-Cuello.jpg","datePublished":"2024-11-29T17:57:06+00:00","dateModified":"2025-01-30T19:30:19+00:00","breadcrumb":{"@id":"https://campus.lacnic.net/pt-br/docentes/pablo-cuello/#breadcrumb"},"inLanguage":"pt-BR","potentialAction":[{"@type":"ReadAction","target":["https://campus.lacnic.net/pt-br/docentes/pablo-cuello/"]}]},{"@type":"ImageObject","inLanguage":"pt-BR","@id":"https://campus.lacnic.net/pt-br/docentes/pablo-cuello/#primaryimage","url":"https://campus.lacnic.net/wp-content/uploads/2024/03/Pablo-Cuello.jpg","contentUrl":"https://campus.lacnic.net/wp-content/uploads/2024/03/Pablo-Cuello.jpg","width":400,"height":400},{"@type":"BreadcrumbList","@id":"https://campus.lacnic.net/pt-br/docentes/pablo-cuello/#breadcrumb","itemListElement":[{"@type":"ListItem","position":1,"name":"Portada","item":"https://campus.lacnic.net/pt-br/"},{"@type":"ListItem","position":2,"name":"Pablo Cuello"}]},{"@type":"WebSite","@id":"https://campus.lacnic.net/#website","url":"https://campus.lacnic.net/","name":"CAMPUS LACNIC","description":"","publisher":{"@id":"https://campus.lacnic.net/#organization"},"potentialAction":[{"@type":"SearchAction","target":{"@type":"EntryPoint","urlTemplate":"https://campus.lacnic.net/?s={search_term_string}"},"query-input":{"@type":"PropertyValueSpecification","valueRequired":true,"valueName":"search_term_string"}}],"inLanguage":"pt-BR"},{"@type":"Organization","@id":"https://campus.lacnic.net/#organization","name":"CAMPUS LACNIC","url":"https://campus.lacnic.net/","logo":{"@type":"ImageObject","inLanguage":"pt-BR","@id":"https://campus.lacnic.net/#/schema/logo/image/","url":"https://campus.lacnic.net/wp-content/uploads/2024/04/lacnic-campus-logo-seo.png","contentUrl":"https://campus.lacnic.net/wp-content/uploads/2024/04/lacnic-campus-logo-seo.png","width":696,"height":696,"caption":"CAMPUS LACNIC"},"image":{"@id":"https://campus.lacnic.net/#/schema/logo/image/"}}]}</script>
<!-- / Yoast SEO plugin. -->

Ingeniero Eléctrico, con perfil en Telecomunicaciones y Magister en Informática. Egresado de la Universidad de la República del Uruguay. Trabaja desde hace más de 20 años en una empresa de telecomunicaciones de Uruguay estando actualmente al frente de los grupos técnicos responsables de desarrollo de la infraestructura de transporte óptico internacional, el backbone IP, las [&hellip;]
